(-4)/(-6)*(-12)/(-16)). Let d(j) = -3*j + 38. Suppose 3*n - 2*s = -s + 219, -2*s + 146 = 2*n. Calculate the remainder when n is divided by d(h).
21
Let v(q) = -q + 127 + 121 - 11 + 0*q. Calculate the remainder when v(0) is divided by 30.
27
Let g = 9733 + -9673. What is the remainder when 588 is divided by g?
48
Suppose -j + 30 = 4*j + 5*z, -5*j + 24 = 2*z. Calculate the remainder when (11917/(-34))/(1/j*-2) is divided by 54.
53
Suppose -35*w + 32*w = -6. Let p = -3 + 7. Suppose -w + p = -2*m, 0 = -5*c - 4*m + 56. What is the remainder when 33 is divided by c?
9
Let q be ((-6)/12)/((3/4)/(-3)). Suppose d - 3*d = 3*p - 174, 0 = -q*d + 4*p + 146. Suppose z - d = -15. What is the remainder when z is divided by 34?
32
Calculate the remainder when 738 is divided by (-1)/(63066/(-217350) + (-4)/(-14)).
63
Let k(y) = -3*y**2 - 487*y + 335. What is the remainder when k(-81) is divided by 25?
24
Let m = 13 - -162. Let d = 236 - m. Calculate the remainder when 180 is divided by d.
58
Let r(f) = 4*f**2 + f - 475. What is the remainder when 6350 is divided by r(11)?
10
Let h be (20/(-10))/(2/16). Let t be 36/h*(-20)/15. Suppose -125 = -5*y - 4*i, -i - 100 = -t*y - 2*y. What is the remainder when y is divided by 12?
9
Suppose 538*a - 542*a = -28. Calculate the remainder when (-702)/(-8) + (-1)/(-4) is divided by a.
4
Suppose 13*y = 1229 + 19. Let i = y + -93. Suppose 0 = -4*g + 2*g + 32. What is the remainder when g is divided by i?
1
What is the remainder when 57/38*-204*(-2)/6 is divided by (1 - -12) + 6/3?
12
Let d = -45 - -48. Suppose 19 = 5*g - 4*q + d*q, 2*q + 17 = 3*g. Suppose -g*x + 10 = 1. Calculate the remainder when 3 is divided by x.
0
Let m be 7 - 1280/30*-24. Let i = m - 382. Calculate the remainder when i is divided by 93.
91
Let c = 4514 + -4108. Calculate the remainder when c is divided by 156.
94
Suppose 649*i + 955 = 683*i - 473. Calculate the remainder when (1/2)/(2/536) is divided by i.
8
Suppose i - 63 - 16 = -4*w, 2*i + 94 = 4*w. What is the remainder when 29 is divided by ((-30)/(-21))/(-5) - (-384)/w?
11
Suppose 4*q + 4*o + 556 = 0, -3*o + 2*o + 141 = -q. Let i = 249 + q. What is the remainder when i is divided by 57?
52
Suppose -1097*h = -1086*h - 187. Suppose 3 = -5*s + 503. What is the remainder when s is divided by h?
15
Suppose -8*h + 1001 = -13*p + 14*p, 3*h - 5*p = 370. What is the remainder when 495 is divided by h?
120
Let q = -86 - -80. Calculate the remainder when (q - 28)*-3*(-14)/(-4) is divided by 18.
15
Suppose 0 = 5*a + 757 + 473. Let r = 293 + a. What is the remainder when 93 is divided by r?
46
Suppose 2 + 28 = 6*n. Calculate the remainder when 94 - 5/n*7 is divided by 13.
9
Let q = -2869 - -2882. What is the remainder when 13 is divided by q?
0
Let g = -14 - -19. Suppose -b = g*i - 49, -12*b + 8*b - 54 = -5*i. Calculate the remainder when 37 is divided by i.
7
Let n(r) = 2*r**3 - 30*r**2 - r + 27. Let g(p) = p**2 + 11*p + 17. Calculate the remainder when g(-11) is divided by n(15).
5
Suppose -582*y + 584*y - 28 = 30. What is the remainder when 574 is divided by y?
23
Let z(t) be the second derivative of t**4/12 - 3*t**3 - 9*t**2 + 65*t. What is the remainder when 38 is divided by z(20)?
16
Suppose 3*b = g - 99, 7*b = -21*g + 24*g - 309. What is the remainder when g is divided by 19?
3
Suppose o - 96 = -5*j, 5*j - 2*o = j + 74. Suppose -5*x = 2*b + 2791, -2*b + b - 1397 = 3*x. What is the remainder when (-4 - b/12) + 2/6 is divided by j?
17
Calculate the remainder when 10820 is divided by 33167/221 + 14 + ((-4)/13)/4.
160
Suppose -4*o + 792 = -8*o. Let n = -107 - o. Let r = n - 28. Calculate the remainder when r is divided by 22.
19
Suppose 0 = 5*h - 15, 5*h - h - 92 = 5*d. Let i(k) = 3*k + 53. Calculate the remainder when 88 is divided by i(d).
3
Suppose 5*g - 136 - 53 = 4*m, -3*m + 12 = 0. Calculate the remainder when g is divided by 21.
20
Suppose 2*z + 4*f - 262 = 0, 2*z - 707*f = -703*f + 206. Suppose j = -2*n - 3*n + 16, -5*j + 146 = 3*n. What is the remainder when z is divided by j?
24
Let u = -2110 - -3029. Calculate the remainder when u is divided by 28.
23
Let u(n) = n**2 - 7*n - 791. Calculate the remainder when 39 is divided by u(-25).
3
Let o = -189 + 180. Calculate the remainder when 66 is divided by 2/3 - (12/o - 9).
0
Let g = 45189 + -45164. Suppose 0 = -4*v + 298 - 18. Calculate the remainder when v is divided by g.
20
Let l(q) = -101*q + 38*q - 10 + 55*q - 5 + 4*q**2. What is the remainder when l(-3) is divided by 24?
21
Let t be (3/2 - 1)*(-26 - -26). Let n = -68 + 70. Suppose n*i - 27 = -s, -4*i - 3*s + 70 - 11 = t. What is the remainder when 21 is divided by i?
10
Suppose 0 = -120*t + 115*t + 45. Suppose t*b - 334 - 89 = 0. Calculate the remainder when 656 is divided by b.
45
Let l be 5/(25/(-590)) + 0. Let a = 193 + l. Suppose 2*i = -2*b + 25 + 17, -97 = -5*i - b. What is the remainder when a is divided by i?
18
Suppose -2*n = 3*b - 18, -3*n - 3*b + 30 = -0*b. Suppose 0 = -4*u, -40 = -2*v + 2*u - u. What is the remainder when v is divided by -2 - n/8*-10?
7
Let h(m) = 9*m - 147. Let k be h(17). Suppose 78 - 606 = -k*z. What is the remainder when z is divided by 25?
13
Suppose 0 = -5*v + 5, -5*v = -2*b + 4 + 41. Suppose 20*i - b*i = -565. What is the remainder when i is divided by 4?
1
Let f = 7244 - 6402. Calculate the remainder when f is divided by 32.
10
Suppose -4*m + 2*m + 152 = 3*z, -4*z + 5*m + 195 = 0. Suppose -13374*b + 13343*b = -9269. Calculate the remainder when b is divided by z.
49
Suppose -5*z + 4*j + 79 = 0, 3*z - 23 = 4*j + 26. What is the remainder when 284 is divided by z?
14
Suppose 3*y + 5*g = -41 + 109, -1 = -2*y + 3*g. Calculate the remainder when 943 is divided by y.
8
Suppose -4*w = -16 + 24, -3*q = -2*w - 43. Calculate the remainder when 145 is divided by q.
2
Suppose b - 2*f = 6, -23*f = -21*f + 6. Suppose 2*o - 3*o + 5*k + 48 = b, 4*o = k + 135. What is the remainder when 52 is divided by o?
19
Suppose -3*t - 3*a = -1770, -t = 52*a - 48*a - 608. What is the remainder when 1183 is divided by t?
15
Let u(k) = 2*k**3 + 22*k**2 - 131*k - 31. What is the remainder when 239 is divided by u(-15)?
105
Let v be (-5)/2 + 210/(-20). Let w(f) = 7*f + 34. Let t(u) = 3*u + 17. Let d(j) = v*t(j) + 6*w(j). What is the remainder when d(12) is divided by 6?
1
Suppose 296*b + 320 = 297*b. Let i = b + -209. Calculate the remainder when i is divided by 17.
9
Let v(h) = 4*h**2 + 19*h - 3. Let q be v(-5). Suppose -q*c - 4*y + 148 = 0, -257 = 4*c - 8*c + 5*y. Calculate the remainder when c is divided by 20.
8
Calculate the remainder when 374 is divided by -17*(-11 + 10) - (-2 + 12/3).
14
Let t be -7 + -1 + -2 - 3. Let n(m) = m**3 + 15*m**2 + 7*m - 19. Let s be n(t). What is the remainder when 12 is divided by 2/8 + s/48?
2
Suppose 3*d = -1 - 14, -c - 4*d + 12 = 0. Suppose 0 = 4*m - 88 - c. Calculate the remainder when m/50 - 57/(-5) is divided by 7.
5
Let y be (12/(-42))/(2/(-14)). Suppose 32 = y*q - 3*z, q - 3*z = z + 21. What is the remainder when q is divided by 12?
1
Suppose -53 = -6*f - 5. Let o = 35 - f. Let w = o - 6. What is the remainder when w is divided by 12?
9
Suppose 5*u = 2*r + 91, 51*u - 53 = 48*u + 2*r. Calculate the remainder when 1058 is divided by u.
13
Suppose 144 = -398*n + 400*n. Suppose 6*a = n + 162. Calculate the remainder when a is divided by 20.
19
Suppose 7*q - 4*q = 0. Suppose -2*u + 9 + q = z, 3*u = 9. Suppose -m + 1 + z = 0. Calculate the remainder when 22 is divided by m.
2
Suppose -l + 104 - 29 = -n, n - 59 = -l. What is the remainder when 1328 is divided by l?
55
What is the remainder when 213 is divided by 12 + (40 + -10 - 11)?
27
Let t(h) = 2*h**2 - 3*h + 7. Suppose 3*r + r = 20. Suppose -r*s + 440 = -395. What is the remainder when s is divided by t(5)?
41
Let s be ((-1)/2)/(14/(-112)). Suppose 0 = s*j + j - 25. Suppose -j*q = 6 - 56. What is the remainder when q is divided by 3?
1
Suppose 0*i - 404 = -2*i. Let d(h) = -7047*h + 21176. What is the remainder when i is divided by d(3)?
27
Let g = -14 + 16. Suppose -2*p = g*p - 28. Suppose -2147*o = -2157*o + 300. Calculate the remainder when o is divided by p.
2
What is the remainder when 247 is divided by (0 - -1)*14 - (-262)/131?
7
Let t(v) = 89*v + 1859. Calculate the remainder when 360 is divided